{"id":2849,"date":"2021-10-26T12:01:18","date_gmt":"2021-10-26T09:01:18","guid":{"rendered":"https:\/\/www.kamubib-bimy.org\/2022\/?page_id=2849"},"modified":"2022-11-15T21:37:05","modified_gmt":"2022-11-15T18:37:05","slug":"oturum-4-evren-otesi-ve-siber-guvenlik","status":"publish","type":"page","link":"https:\/\/www.kamubib-bimy.org\/2022\/oturumlar\/oturum-4-evren-otesi-ve-siber-guvenlik","title":{"rendered":"Oturum-4: Evren \u00d6tesi ve Siber G\u00fcvenlik"},"content":{"rendered":"<div class=\"wpb-content-wrapper\"><p>[vc_row full_width=&#8221;stretch_row&#8221;][vc_column][\/vc_column][\/vc_row][vc_row][vc_column][vc_single_image image=&#8221;3357&#8243; img_size=&#8221;full&#8221; alignment=&#8221;center&#8221; onclick=&#8221;link_image&#8221;][vc_column_text]<\/p>\n<h3>Oturum-4: <strong>Evren \u00d6tesi ve Siber G\u00fcvenlik<\/strong><\/h3>\n<p>Dijital teknolojilerin ba\u015f d\u00f6nd\u00fcr\u00fcc\u00fc bir h\u0131zla geli\u015fimi, ekonomik ve sosyal hayat\u0131n yan\u0131nda g\u00fcvenlik tan\u0131m ve kavramlar\u0131n\u0131 da k\u00f6kten de\u011fi\u015ftirmektedir. Yeni normalde, uzaktan e\u011fitim, evden \u00e7al\u0131\u015fma, dijital platformlar arac\u0131l\u0131\u011f\u0131yla al\u0131\u015fveri\u015f yapma, uzaktan abonelik, mesafeli s\u00f6zle\u015fmeler, bulut kullan\u0131m\u0131, video konferans, sanal m\u00fczeler ve\/veya telet\u0131p gibi \u00e7e\u015fitli uygulamalar ya\u015fant\u0131m\u0131z\u0131n vazge\u00e7ilmez bir par\u00e7as\u0131 haline d\u00f6n\u00fc\u015fm\u00fc\u015ft\u00fcr. S\u00f6z konusu uygulamalar hem sald\u0131r\u0131 y\u00fczeylerinin geni\u015flemesine hem de sald\u0131r\u0131 y\u00f6ntemlerinin geli\u015fmesine neden olmaktad\u0131r. Dijital d\u00f6n\u00fc\u015f\u00fcm\u00fcn bir sonraki a\u015famas\u0131 olarak da tan\u0131mlanan Evren \u00d6tesi (Metaverse) kavram\u0131 hayat\u0131m\u0131za girmeye ba\u015flam\u0131\u015ft\u0131r. 3 boyutlu internet olarak da yorumlanabilecek bu evrende AR\/VR giyilebilir teknolojileri arac\u0131l\u0131\u011f\u0131nda ger\u00e7ek ve sanal evrenin b\u00fct\u00fcnle\u015fmesini ya\u015fayaca\u011f\u0131z. Di\u011fer taraftan Evren \u00d6tesine y\u00f6nelik yeni siber g\u00fcvenlik a\u00e7\u0131kl\u0131klar\u0131 ve riskleri ortaya \u00e7\u0131kacakt\u0131r.<\/p>\n<p>Bu oturumda ba\u015fta evren \u00f6tesi olmak \u00fczere dijital d\u00f6n\u00fc\u015f\u00fcm teknolojileri \u0131\u015f\u0131\u011f\u0131nda de\u011fi\u015fen ve geli\u015fen siber tehdit y\u00fczeyleri ve ortaya \u00e7\u0131kan yeni a\u00e7\u0131kl\u0131klar ve\/veya riskler panelistlerce insan, s\u00fcre\u00e7 ve teknoloji boyutlar\u0131yla tart\u0131\u015f\u0131lacak ve ortak ak\u0131l olu\u015fturulmas\u0131na katk\u0131 sa\u011flanacakt\u0131r.[\/vc_column_text][\/vc_column][\/vc_row]<\/p>\n<\/div>","protected":false},"excerpt":{"rendered":"<p>[vc_row full_width=&#8221;stretch_row&#8221;][vc_column][\/vc_column][\/vc_row][vc_row][vc_column][vc_single_image image=&#8221;3357&#8243; img_size=&#8221;full&#8221; alignment=&#8221;center&#8221; onclick=&#8221;link_image&#8221;][vc_column_text] Oturum-4: Evren \u00d6tesi ve Siber G\u00fcvenlik Dijital teknolojilerin ba\u015f d\u00f6nd\u00fcr\u00fcc\u00fc bir h\u0131zla geli\u015fimi, ekonomik ve sosyal hayat\u0131n yan\u0131nda g\u00fcvenlik tan\u0131m ve kavramlar\u0131n\u0131 da k\u00f6kten de\u011fi\u015ftirmektedir. Yeni normalde, uzaktan e\u011fitim, evden \u00e7al\u0131\u015fma, dijital platformlar arac\u0131l\u0131\u011f\u0131yla al\u0131\u015fveri\u015f yapma, uzaktan abonelik, mesafeli s\u00f6zle\u015fmeler, bulut kullan\u0131m\u0131, video konferans, sanal m\u00fczeler ve\/veya telet\u0131p gibi&nbsp;<\/p>\n<p><a class=\"btn btn-style\" href=\"https:\/\/www.kamubib-bimy.org\/2022\/oturumlar\/oturum-4-evren-otesi-ve-siber-guvenlik\">Devam\u0131n\u0131 Oku<\/a><\/p>\n","protected":false},"author":5,"featured_media":0,"parent":706,"menu_order":0,"comment_status":"closed","ping_status":"closed","template":"homepage.php","meta":{"rs_blank_template":"","rs_page_bg_color":"","slide_template_v7":"","footnotes":""},"class_list":["post-2849","page","type-page","status-publish","hentry"],"_links":{"self":[{"href":"https:\/\/www.kamubib-bimy.org\/2022\/wp-json\/wp\/v2\/pages\/2849","targetHints":{"allow":["GET"]}}],"collection":[{"href":"https:\/\/www.kamubib-bimy.org\/2022\/wp-json\/wp\/v2\/pages"}],"about":[{"href":"https:\/\/www.kamubib-bimy.org\/2022\/wp-json\/wp\/v2\/types\/page"}],"author":[{"embeddable":true,"href":"https:\/\/www.kamubib-bimy.org\/2022\/wp-json\/wp\/v2\/users\/5"}],"replies":[{"embeddable":true,"href":"https:\/\/www.kamubib-bimy.org\/2022\/wp-json\/wp\/v2\/comments?post=2849"}],"version-history":[{"count":2,"href":"https:\/\/www.kamubib-bimy.org\/2022\/wp-json\/wp\/v2\/pages\/2849\/revisions"}],"predecessor-version":[{"id":3358,"href":"https:\/\/www.kamubib-bimy.org\/2022\/wp-json\/wp\/v2\/pages\/2849\/revisions\/3358"}],"up":[{"embeddable":true,"href":"https:\/\/www.kamubib-bimy.org\/2022\/wp-json\/wp\/v2\/pages\/706"}],"wp:attachment":[{"href":"https:\/\/www.kamubib-bimy.org\/2022\/wp-json\/wp\/v2\/media?parent=2849"}],"curies":[{"name":"wp","href":"https:\/\/api.w.org\/{rel}","templated":true}]}}